*p = -v + 16 + 34. Let c = p + 32. Is c a prime number?
False
Suppose 16 = 2*v - 82. Is v prime?
False
Let k = -221 + 482. Suppose o - k = 184. Is o composite?
True
Suppose 4*w = 6*z - z + 10, 6 = 2*w - 3*z. Let k(h) = 3 - 2*h**3 + 2 + 3*h**3 + 7*h**2 + 7*h + w. Is k(-4) a prime number?
False
Let d(o) be the third derivative of o**5/10 - o**4/8 - o**3 + o**2. Is d(-5) a prime number?
False
Let u(q) = 42*q - 9. Is u(13) composite?
True
Let x be 86/12 + 2/(-12). Suppose 0 = -8*c + x*c + 55. Is c a composite number?
True
Suppose -3*y + 5*t + 57 + 47 = 0, -3*t = 5*y - 162. Suppose -4*i + y + 107 = -3*v, -35 = -i - v. Let q = i - 24. Is q prime?
True
Let w be 378*-2*(-9)/18. Suppose w = -4*j - 510. Is ((-1)/(3/j))/2 a prime number?
True
Let j(q) = 66*q - 5. Let d be j(11). Suppose -2*k - 588 = -6*k - 2*r, 5*k - r = d. Is k prime?
False
Let w = -2 + 6. Suppose -w*z - 146 = 198. Let j = z - -145. Is j a prime number?
True
Let d(f) = -13*f**2 + f + 2. Let t be d(6). Let o be 6/21 + t/(-7). Suppose -o = -5*g + 39. Is g a composite number?
True
Let h = 23 + 899. Let f = 1295 - h. Is f composite?
False
Let c be ((-6)/4)/(6/(-8)). Suppose -2*l - 6 = -4*s - 0*l, 0 = -c*l + 10. Is s prime?
False
Suppose -3*k - 1 = -7. Suppose -4*i - 2*g = -i - 167, 0 = -k*i - 5*g + 126. Suppose 4*t = 71 + i. Is t composite?
False
Suppose -2*c + 4*c - 1027 = 3*t, 2*c - 1052 = -2*t. Is c prime?
True
Suppose 3*j - 2*j - 607 = 4*t, -4*j = 2*t - 2446. Is j a prime number?
False
Suppose -x - 3 - 1 = 0. Is 118/x*12/(-6) a prime number?
True
Let a = 983 + -348. Is a prime?
False
Suppose -7*h + 98 + 679 = 0. Is h a prime number?
False
Suppose -5*p + 524 - 1574 = 0. Is -1 - p - 0/(-4) a prime number?
False
Let g be (6 + -3 + 2)*1. Suppose g*w - 739 = 3*q, 594 = 5*w - w - q. Is w composite?
False
Let k(h) = -6*h**3 + 4*h**2 + 3*h + 2. Let v = 0 - -4. Let u(a) = -a**3 + a**2 + a + 1. Let p(d) = v*u(d) - k(d). Is p(3) prime?
True
Let z(a) = -a**3 - 6*a**2 - 6*a + 1. Let o be z(-5). Is (o/2)/1 - -40 a prime number?
True
Let s = 616 - 418. Let z = s + 93. Is z a prime number?
False
Let k = 7 - 27. Let o = -22 + 11. Let h = o - k. Is h prime?
False
Suppose -4*f = -r + 15 - 1, -4*r + 5 = f. Is (9/5)/(f/(-15)) a composite number?
True
Is ((-1524)/15)/((-8)/20) prime?
False
Suppose -10*n + 9*n = -3527. Is n a composite number?
False
Suppose -4*b - 4*f = -12, b + f = -4*f - 5. Suppose h - 5 = -0*h. Suppose b*o = 2*g + 227, 4*o = h*o + 3*g - 59. Is o composite?
False
Let k(t) = t. Let s(f) = 10*f + 6. Let a(q) = 5*k(q) - s(q). Let v be a(-4). Is 774/v - (-10)/(-35) composite?
True
Let y(p) = 11*p + 9. Let b be y(-6). Is (1/3)/((-1)/b) a prime number?
True
Suppose 22 = -3*l + 7*l + 2*q, -3*l = 5*q - 27. Suppose y - l*z - 29 = -6*z, -3*z + 121 = 4*y. Is y a prime number?
True
Is 21/(-14)*1316/(-6) composite?
True
Let d = -80 - -583. Is d a prime number?
True
Let p(v) = -v**3 + 14*v**2 - 3*v + 13. Is p(12) a composite number?
True
Suppose 2*w + 140 = 898. Is w a prime number?
True
Let g(k) = k**2 + k. Let b be g(-2). Is (b/(-4))/((-6)/8124) prime?
True
Let t(a) = a**2 + 8*a - 6. Let k(m) = -m**2 + 6*m - 2. Let g be k(7). Let b be t(g). Suppose 0 = b*u + 2 - 11. Is u composite?
False
Let f(y) = -26*y**2 + y - 1. Let v be f(-4). Let x = -294 - v. Is x a composite number?
False
Let d be -318*2/(-4)*1. Suppose 0*h + h = d. Is h a prime number?
False
Let m = 3 + -5. Let f = 2 + m. Suppose 283 = 5*o - 3*y, f*o - 315 = -5*o - 5*y. Is o a composite number?
False
Let u(z) = -z**2 + 2*z - 2. Let c be u(2). Let m = c + 159. Is m a prime number?
True
Suppose -i + 0 + 2 = 0. Suppose -t + 151 = -3*v - 124, -i*t = 3*v - 586. Is t prime?
False
Let z(p) = 5*p**2 + 2*p - 11. Is z(-6) a composite number?
False
Let t = -6 - -13. Suppose 4*q + 3 - 15 = 0. Suppose 3*j - t = 5, 4*y = q*j + 44. Is y composite?
True
Let j be 2/(-6) - 399/(-9). Let f = 103 - j. Is f a composite number?
False
Suppose 0 = -2*q + 4*i + 6, -2*q = 4*i - 2*i. Let n be (-3)/((-2)/(3 - q)). Suppose n*p - 261 = -0*p. Is p composite?
True
Let o(l) = -l**3 - 5*l**2 - l - 1. Let h be o(-5). Suppose h*n - 11 = 4*f + 17, n - 15 = 3*f. Suppose 5*i = -3*w + w + 24, n*i - 6 = 0. Is w prime?
True
Let p(d) = 73*d**2 + 1. Is p(-2) prime?
True
Suppose 2*k - 3*k = -o + 120, 5*o - 2*k - 609 = 0. Is o prime?
False
Let k = -238 + 989. Is k a composite number?
False
Let h(k) = 114*k**3 - 1. Is h(1) composite?
False
Let r(j) be the second derivative of j**5/20 - j**4/3 - 2*j**3/3 - 2*j**2 + 2*j. Let k be r(4). Let g = 29 - k. Is g a composite number?
True
Let z(n) = 267*n + 23. Is z(8) a composite number?
True
Let v = 1900 + -1314. Is v a prime number?
False
Let k be (-1 + 117)*3/6. Suppose h - 3*j = k, h + 5*j + 113 = 3*h. Is h a prime number?
False
Suppose u + 1 = 2*k - 4, 0 = 3*u + 2*k + 23. Let b(h) = -h**2 - 15*h - 3. Is b(u) composite?
False
Suppose -z + 6*z = 20. Suppose 0 = 2*j - 5*m - 39 + 14, j - z*m = 11. Is j prime?
False
Suppose -5*u = -2*p - 629, -2*u + 242 = p + 3*p. Let g = u + -72. Is g a composite number?
False
Let k = 143 + -16. Is k prime?
True
Suppose -7*l + 180 = -2*l. Let w = l + -14. Is w a prime number?
False
Let r(x) = -2*x**2 - 6*x + 6. Let v be r(5). Let i = v - -24. Is (-2 - i) + 0 + -1 a composite number?
False
Suppose -4*h - 4 = -c - 15, 2*h - 3*c - 13 = 0. Suppose 2*a - h = -52. Let p = 38 + a. Is p composite?
False
Let y = -1 + 5. Suppose -y = -4*a + 4, s - 3*a = 781. Is s a composite number?
False
Let k(b) = 9*b**2 - 4*b - 9. Let t be k(12). Suppose -3*w = -6*w + t. Is w composite?
True
Let y(p) = -p**2 - p + 51 + 31 + 2*p + 21. Let a be y(0). Let d = 194 - a. Is d a prime number?
False
Let l be 1/(0 + (-1)/(-6)). Let s be l/(-3)*-2 + 1. Suppose 0 = -4*u - 3*j - 0*j + 1330, -1645 = -s*u + 5*j. Is u prime?
True
Suppose -4*d + 6 = -10. Suppose -7 + 99 = d*z. Is z a composite number?
False
Let p(a) = a**3 + 3*a - 2 + 5*a**2 + 4*a - 3*a. Let g be p(-4). Is g/13 - (-1538)/26 composite?
False
Let f = 5311 + -3654. Is f a composite number?
False
Let t be ((-2)/(-4))/(2/(-36)). Let j be 3/(-2)*12/t. Suppose 45 = l - j*h - 2*h, 2*h + 39 = l. Is l prime?
False
Let r = 689 - -1970. Is r a prime number?
True
Let m(o) = 4*o - 7. Let f be m(7). Let n = f - 15. Is 2 - n*(-75)/6 a composite number?
True
Suppose -5*y = -10, 0 = -4*a - 0*y + y + 26. Let l = a + -4. Suppose 0 = v - 20 - l. Is v a composite number?
False
Is (1/(-2))/(1/(-674)) composite?
False
Let q = -267 - -566. Is q a prime number?
False
Suppose -8 = 2*z, 2*v + 3*z - 48 = -v. Let t be (v/6 + 0)*54. Suppose -5*k + 35 = -t. Is k prime?
True
Suppose -8*w - 372 = -12*w. Suppose -i = -3*x + 102, x - w = -2*x + 4*i. Is x a composite number?
True
Suppose 2*w - 4940 = -4*p, 1241 = -0*p + p - w. Is p a composite number?
False
Let x(g) = 3*g - 1. Let y be x(1). Suppose -5*c + 38 = 4*i - 168, -4*i + y*c = -192. Is i a composite number?
True
Let g(a) = -5*a**3 + 6*a + 1 - 7*a + a**2 + 18*a**3. Is g(1) prime?
False
Suppose -5*p - 208 = -p. Let o = 131 + p. Is o a prime number?
True
Suppose 5*s + 1 = 2*r, -4*r - 5*s - 3 = 10. Let o(p) = -14*p**3 + 0*p**3 + 0*p + 2*p + 3 + p**2. Is o(r) a prime number?
False
Is (-10)/5*(-86)/4 composite?
False
Let u = 8 + 14. Is u a prime number?
False
Let c be 2/4 + 342/4. Let b = 135 - c. Is b a composite number?
True
Let y(c) = -3*c**3 - 2*c**2 - 2*c - 5. Suppose 0 = 3*u - 6 - 0. Let i = -2 - u. Is y(i) a prime number?
True
Suppose -4*b + 5*t = -2081, -5*b + 1570 + 1020 = -4*t. Is b a prime number?
False
Suppose 0 = -l - 6 + 3. Let h(i) = 43*i + 13. Let d(z) = -21*z - 6. Let j(g) = 5*d(g) + 2*h(g). Is j(l) a composite number?
False
Let z = 14 - 12. Suppose 3*n = l + 450, 3*n - z*l = 2*n + 155. Is n a prime number?
True
Suppose 821 + 514 = 15*a. Is a a composite number?
False
Is (-67)/(-1 - 12/(-14)) prime?
False
Is -1*2859/6*-2*1 a composite number?
False
Let n be 8/44 - 106/(-22). Suppose x + 716 = n*x. Is x a composite number?
False
Suppose -3 - 3 = -2*y. Suppose -2*l - 2*l - 120 = 0. Let p = y - l. Is p composite?
True
Suppose -h = -16 - 235. Is h a prime number?
True
Let y = -4 + 9. Suppose -y*f + 19 = 2*w, 3*f - 2*w = 10 - 5. Suppose 85 = q + 2*x - 5*x, -f*q + 277 = 2*x. Is q composite?
True
Let z(f) = -3*f - 4. Let o(h) = h + 2. Let t(b) = -5*o(b) - 